8))?
2, 13
Let w = 3063 + 1752. What are the prime factors of w?
3, 5, 107
Let g = -622 + 1089. What are the prime factors of g?
467
Let x(d) = -d**3 + 7*d**2 - 6*d + 27. Let v be x(8). Suppose w - 1 = 145. Let u = v + w. List the prime factors of u.
61
Suppose -11*c + 17*c - 300 = 0. What are the prime factors of c?
2, 5
Let k(m) = m**3 - 13*m**2 - 14*m. Let g be k(14). Let d = -9 - -13. Suppose -19 = -f - f + 5*x, g = 2*f + d*x - 46. What are the prime factors of f?
17
Let a be -14 + (2 - 3 - -2). Let l = a - -64. List the prime factors of (52/12 - 4)*l.
17
Let j = 35 + -38. Let a be -2 - j*11/3. Suppose -7*t = -a*t + 70. List the prime factors of t.
5, 7
Let u(r) = 10*r**3 - r**2 - r + 1. Let f be u(1). Let t = f - 3. List the prime factors of 54/(-4)*(t - 8).
3
Let w = -1345 + 3802. List the prime factors of w.
3, 7, 13
Let c(g) = -5 - g - 5 + 0*g - 2. Let l be c(-8). Let u(w) = -w**2 - 4*w + 4. List the prime factors of u(l).
2
Let k(p) = -344*p + 46. List the prime factors of k(-8).
2, 1399
Let w(n) = -n**2 - n. Let p be w(0). What are the prime factors of 9/(p + -3)*-25?
3, 5
Suppose 60*a = 59*a + 7. Suppose 5*d - 3*t - 42 = -2*t, -5*t = -d - 6. Suppose a*j = d*j - 120. List the prime factors of j.
2, 3, 5
Suppose 3*a = 0, 3*r - a = 17 + 67. Let q = r - 32. What are the prime factors of q + (-4)/(12/(-147))?
3, 5
Suppose 5*r = -z + 2*z + 26, 2*z = -3*r. List the prime factors of (-4)/(-8) + (-171)/z.
29
What are the prime factors of 2/16 - 120649/(-376)?
3, 107
Let y(d) = d**3 + 5*d**2 - 8. Let m(j) = -j + 7. Let f be 11/2*10/5. Let l be m(f). List the prime factors of y(l).
2
Let l(n) = 3*n**2 + 4 + 0 - 2*n**2 - 5 + 4*n. What are the prime factors of l(3)?
2, 5
Suppose 468 = 2*r - 4*w, 0 = r + 5*w - 6*w - 229. List the prime factors of r.
2, 7
Suppose 0*v + 3*v = 9. Suppose -t + 284 = v*t. List the prime factors of t.
71
Let o = 1335 - -1312. What are the prime factors of o?
2647
Let w be 32/24*3/2. Suppose 0 = -w*t - 1 + 5. Suppose t*h = 56 - 12. What are the prime factors of h?
2, 11
Suppose -5*k + 3*k - q + 4 = 0, 0 = 5*q + 10. Suppose 4*v - 95 = -4*i + 269, i = k*v + 71. Suppose 2*c + 24 = i. What are the prime factors of c?
31
Suppose 8224 = -32*z + 65760. List the prime factors of z.
2, 29, 31
Let q(r) = r**2 - 12*r + 32. Let b be q(6). List the prime factors of b - (-110 - (-3 - -1)).
2, 13
What are the prime factors of 2/(-4) + 89880/48?
2, 3, 13
Suppose -2*q - 5*w + 540 = 0, 1223 - 143 = 4*q - 3*w. Suppose 4*n + 3*i - q = n, 2*n = i + 165. List the prime factors of n.
5, 17
Let m(x) = x. Let j be m(4). Suppose -106 = -5*l + 3*l + 2*s, 2*s - 230 = -j*l. List the prime factors of l.
2, 7
Suppose -3*x + 6 = -3*w, 3*w - x = w - 4. List the prime factors of w/(604/(-150) + 4).
3, 5
Let i = 24 + -19. Let l(s) = s**3 - 3*s**2 + s. What are the prime factors of l(i)?
5, 11
List the prime factors of (-19)/(-57) - (4 - 32722/6).
2, 5, 109
What are the prime factors of 6/3 + 422*28/4?
2, 739
Suppose 0 = -5*s + 458 - 68. Suppose 4*j = 118 + s. What are the prime factors of j?
7
List the prime factors of 42/3*9/2.
3, 7
Let k = 339 - -325. List the prime factors of k.
2, 83
Let u(l) = -l + 8. Let k be u(6). Suppose z - 70 = -j, 3*j + k*z = -2*j + 350. List the prime factors of j.
2, 5, 7
Let a = -52 + 51. What are the prime factors of (-1)/(a/(-76))*21/(-42)?
2, 19
Suppose -2*y + 382 = -4*v, -19*y = -15*y - 5*v - 755. What are the prime factors of y?
5, 37
List the prime factors of (-13030)/(-5 + 0) + (9 - 3).
2, 653
Let x = 52 - 39. Suppose -2012 = -x*z - 231. List the prime factors of z.
137
Suppose -2*x = -5*n + 2*x + 81, 0 = 3*n - 3*x - 51. Suppose -n*h - 225 = -16*h. List the prime factors of h.
3, 5
Suppose -15*c + 304 = -7*c. Let i = 43 - c. List the prime factors of i.
5
Let m = -130 + 249. What are the prime factors of m?
7, 17
List the prime factors of 21/9 + -1 + 2290/6.
383
Let c = 6104 + -4149. What are the prime factors of c?
5, 17, 23
Let r be (3/(-4))/(12/(-32)). Let d(b) = r*b**2 + 5*b**2 + 5*b + b**3 + 3 - 10. What are the prime factors of d(-5)?
2, 3
Let z = 9901 + -5652. What are the prime factors of z?
7, 607
Let i(h) = 3 - 28*h + 2*h**2 - 3*h**2 + 11. What are the prime factors of i(-9)?
5, 37
Suppose -4*o - 2*p = -1700, 2*o - p - 965 = -119. Suppose 0 = -5*f + o + 71. Suppose -51 = -2*l + f. What are the prime factors of l?
3, 5
Suppose 10292 + 13960 = 4*y. What are the prime factors of y?
3, 43, 47
Let z = 282 + 347. What are the prime factors of z?
17, 37
Let d = -16 - -13. Let j be 2 - d - (3 - 0). What are the prime factors of j - 5 - -7*7?
2, 23
Let m = -426 + 985. List the prime factors of m.
13, 43
Let x be -3*2/(-12)*10. Let n be (2 + x/(-2))*-4. Suppose n*h + 0*h - 52 = 0. List the prime factors of h.
2, 13
Let s be 852/(-84) + 2/14. Let l(u) = u**2 + 12*u + 12. Let x be l(s). What are the prime factors of (3 + 15)*x/(-6)?
2, 3
Let u(d) = 6*d**2 - 2*d + 1. Let y(w) = 10*w**2 + w**3 + 5*w - 14 + w**2 - 4*w**2 + 6. Let a be y(-6). List the prime factors of u(a).
29
Let y = 2 + -2. Suppose y = g + 3*g + 16. What are the prime factors of (-22)/g + (-6)/(-4)?
7
Suppose 33*x - 44*x = -17556. What are the prime factors of x?
2, 3, 7, 19
Suppose 6*z - 19 + 25 = 0. What are the prime factors of (-1)/z + 126*(0 - -2)?
11, 23
Let k = 456 - 219. What are the prime factors of k?
3, 79
Suppose -3 = -i - 1. Suppose b - 2*o - 1 = 0, -5*b + i + 12 = -o. What are the prime factors of b?
3
Suppose -3*s + 18 = 3. Suppose -3*j - s*a = -0*j + 31, 4*a - 16 = 0. What are the prime factors of (j + 1)*18/(-9)?
2
Let q be (-7)/(-14) + 54/4. Let l = q + -14. Suppose l = 5*f - 104 + 29. What are the prime factors of f?
3, 5
Let m = 3289 - 915. What are the prime factors of m?
2, 1187
Let q(j) = -41*j + 125. List the prime factors of q(-9).
2, 13, 19
Suppose 27 - 123 = -3*w. Suppose 8*k - w = 4*k. Suppose -k*a + 96 = -5*a. List the prime factors of a.
2
Let r(u) = -5*u**3 + u**2 + u. Let g be r(-1). Suppose -g*m = 93 - 303. Suppose 0 = y - k - 31, -2*y + 0*k - 3*k = -m. What are the prime factors of y?
3
Let h = -38 + 30. List the prime factors of 42/4*h/(-3).
2, 7
Suppose 0 = -4*p + 129 + 475. List the prime factors of p.
151
Let m be (3/6)/(2/4). Let r = 8 + m. Suppose -6*f = -r*f + 192. What are the prime factors of f?
2
Suppose 18949 = 27*u + 3235. List the prime factors of u.
2, 3, 97
Let s be 1/(-8)*-4*-16. Let l(c) = -3*c + 15. What are the prime factors of l(s)?
3, 13
What are the prime factors of ((-50)/(-20))/((-5)/(-36))?
2, 3
Suppose r - 5*f = -9, f + 2 = 2*r - 4*f. Let c = r + 21. What are the prime factors of c?
2
Suppose 0 = -11*m + 12*m - 148. What are the prime factors of m?
2, 37
Let j(w) = -185*w - 49. List the prime factors of j(-11).
2, 3, 331
Let y be (-30)/(-40) - (-15)/(-4). Let s be 12 - (y - -4)*-3. List the prime factors of 114/9 + (-10)/s.
2, 3
Let h(f) = f**2 + 7*f - 133. What are the prime factors of h(19)?
19
Let v be (-696)/(-18)*3/(-2). Let r = -32 - v. List the prime factors of r.
2, 13
Let c(n) = 4*n**3 + 4*n**2 - 3*n. Let q be c(4). Suppose 0 = -3*i - 2*o + 233, -2*o - 59 - q = -5*i. List the prime factors of i.
3, 5
Let g(a) = 6*a**2 - 5*a - 3. Let l be g(4). Let w be (-402)/(-15) - (-4)/(-5). Let c = l - w. What are the prime factors of c?
47
Let h be (64/(-4))/(-4) + 34. Suppose -5*v + 6*v = -4*y + 217, 0 = -y + 3*v + h. Let z = 106 - y. List the prime factors of z.
53
Let t = 12072 + -8584. What are the prime factors of t?
2, 109
Let i be 1/((-1)/10)*(10 + -59). What are the prime factors of ((-18)/15)/((-4)/i)?
3, 7
Let n(o) = 18*o + 11. Let g be n(8). Let c = -87 + g. List the prime factors of c.
2, 17
Suppose -5*g - o = -5309, 3*o - 2138 = -2*g - o. What are the prime factors of g?
1061
Suppose 4*r + 9 = -3. Let a = -17 + r. Let i = a - -42. What are the prime factors of i?
2, 11
Let f(k) be the first derivative of -k**3/3 - 3*k**2/2 + 2*k + 8. Let v be f(-4). What are the prime factors of 47 + -1 + 6/v?
43
Let x = -69 - -91. Let h = -12 - -30. Suppose 19*y + h = x*y. What are the prime factors of y?
2, 3
Suppose 4*r + 1812 = -3*p - p, 0 = p - 5*r + 465. Let b = -227 - p. What are the prime factors of b?
2, 3, 19
Let s be -2*(-3)/3 + -2. Suppose 0 = 3*p - 4*b - 20, -4*p - 3*b - b + 36 = s. S